 - 15*l - 32. Let s be y(-13). Let f(z) = 15 - 25 + 6*z + 16 + z**2. Give f(s).
6
Suppose 3*d - 110 = h, d + h - 2*h = 40. Let t = d + -34. Let o(y) = -14*y**2 - 1. Calculate o(t).
-15
Let d(i) = 2*i**3 - 1. Let z(x) = -7*x**3 - x**2 - 2*x. Let b(k) = 4*d(k) + z(k). Calculate b(4).
36
Let b be (31/(-155))/(1/(-5)). Suppose 3*d = 3*h - 2 - b, -4*h + d = -19. Let q(o) = o**2 - 7*o - 5. Determine q(h).
-11
Let z be 1/(8 + -5)*(1 - -20). Let o(d) = -4 + 3 + d**2 - z*d + 9*d + 6*d. What is o(-9)?
8
Let v be (-9 - -8)/((-2)/4). Let q(k) = 4*k - v*k - 7 + 6 - k. Suppose -2*f + 6 = -2*s, 7*f - 3*f = s + 9. Calculate q(s).
-2
Suppose -d + 2*l = -2*d - 11, 5*l = -15. Let f(p) = -19*p**2 - 28*p + 6. Let y(s) = -7*s**2 - 10*s + 2. Let c(j) = -3*f(j) + 8*y(j). Determine c(d).
3
Suppose -5*w = 2*x - 17, 3*w + 4*x = 6*w - 31. Suppose 4*r + 3*v = 9 + 4, 5*r + 3*v - 20 = 0. Let h(l) = -48*l**2 - 14*l + 49*l**2 + r*l + 5. Calculate h(w).
-5
Let d(t) be the second derivative of t**5/20 + t**4/6 - t**3/3 + t**2/2 - 7*t + 2. Let r be 4/(-2)*(-5 - (-45)/10). Calculate d(r).
2
Let v(p) = -2*p + 118 - 238 + 116. Give v(-5).
6
Let x(i) be the third derivative of i**5/60 - i**4/8 - 5*i**3/6 + i**2. Suppose -6 = s - 2. Let o be (4/(-8))/(s/40). Determine x(o).
5
Let k = -7 + 12. Let f be 4 - 0/(-3) - 2. Let q(s) = -2 + 0 - s + 5 - f. Calculate q(k).
-4
Let w(s) = -s**2 + s + 1. Let a(u) = 4*u**2 + 4*u + 1. Let b(p) = -a(p) - w(p). Let x = 27 + -30. What is b(x)?
-14
Let l be (-2)/10 + (-62)/(-10). Let t(g) = g - l + 0*g + 5. Suppose -5*r - 35 = -5*a, 3*r = -5*a + 1 - 6. Calculate t(a).
1
Let j = -4 - -8. Let c be 27/(-5) + j/10. Let q(w) be the third derivative of -w**6/120 - w**5/12 + w**4/12 + 5*w**3/6 - 3*w**2. Determine q(c).
-5
Let a(h) be the first derivative of -5/2*h**2 + 3*h + 2 - 1/3*h**3. Suppose 2*w = -0*w - 6. What is a(w)?
9
Let h(t) = 5*t**2 - 15*t - 6. Let m(w) = 3*w**2 - 8*w - 4. Let o(f) = -4*h(f) + 7*m(f). Suppose -i - 10 = -3*i, 0 = 2*r + 2*i. What is o(r)?
1
Let p(a) = a + 14. Suppose -2*q = -4 - 4. Let f(h) = -h**3 + 5*h**2 - 7*h. Let s be f(q). Determine p(s).
2
Suppose 0 = -6*z + 2*z + 3*f - 130, -60 = 2*z + f. Let x be z/(-2) - (-4)/8. Let l be x/12*(-9)/(-3). Let y(h) = -h**3 + 3*h**2 + 4*h - 2. Give y(l).
-2
Let u(f) = f + 11. Suppose -4 = -2*l + 4*l. Let q be (-12 - -12)*1/l. Determine u(q).
11
Let h(p) = p + 8 - 7 - 9 - 6 - 2*p. Calculate h(-12).
-2
Let r(i) = 5*i - 5. Let w(u) = u**3 + 34*u**2 - 35*u + 4. Let g be w(-35). What is r(g)?
15
Let h(x) = -x**2 + 5*x + 1. Let s = -8 + 14. What is h(s)?
-5
Let j(y) = y**2 + 4*y - 1. Let z = 46 + -46. Suppose z*h = -h + 2, 4*n + 2 = -5*h. Calculate j(n).
-4
Suppose 2*o = -o + 9, o - 47 = -4*i. Let w(h) = -4 + 0*h + 2*h - i - h. Let c(u) = u**2 - 1. Let v be c(-1). Give w(v).
-15
Suppose -4*o + 26 = 3*n, 3*n - o = 10 + 6. Let k(q) = -n*q + 5*q - 20*q**3 - q**2 - 1 + 3*q. Give k(1).
-20
Let h(c) = -152*c - 16 + 139*c + 16. Suppose -3 = -6*g + 3*g. Let r = g + 0. Calculate h(r).
-13
Let n = 9 - 6. Let p(b) = -b**3 - 1. Let h(d) = 2*d**3 - d**2 - d. Let q(m) = 3*h(m) + 4*p(m). Give q(n).
14
Let t(h) = -43 + 43*h + 28 - 38*h. Give t(11).
40
Suppose -3*i - 3*n + 447 = 0, 0 = 2*i - 0*n - 4*n - 274. Let k = -151 + i. Let w(p) = -p**3 - 5*p + 4 - 7*p**2 + 5*p - 7*p. What is w(k)?
10
Let c(i) be the first derivative of 9*i**2/2 - 3*i + 68. Give c(2).
15
Suppose n - 36 + 15 = 5*l, -8 = 4*n + 3*l. Let w be ((-1)/(-1))/n*-11. Let f(v) = 9*v + 8. Let h(d) = 3*d + 3. Let i(g) = w*h(g) + 4*f(g). What is i(4)?
11
Suppose 16*r - 21*r + 35 = 0. Let v(p) = -p**2 + 3*p**2 + 0*p**2 - 3*p**2 - r*p - 3. Suppose -2 - 8 = 2*i. Calculate v(i).
7
Let p = -226 + 233. Suppose -4*f + 1 = -7. Let a(m) = m**3 + f - p*m**2 + m + m + m**2 + m. Give a(5).
-8
Suppose 2*c + 5 = 7*c + 5*f, -3*f - 7 = -2*c. Let n(j) be the first derivative of -5 + 2*j + j + j - j**c. Calculate n(3).
-2
Let b(r) = r - 2. Let j be b(4). Let t(a) be the third derivative of 1/6*a**3 + 0 - 1/24*a**4 + 13*a**2 + 0*a. Calculate t(j).
-1
Let l(j) be the second derivative of j**3 - j**2/2 + j + 77. Suppose 0*k = 2*k - 2. What is l(k)?
5
Let g(o) = 2*o - 6. Suppose -2 + 14 = 6*q. Let v be (-60)/9*3/q. Let m(s) = -3*s - 25. Let k be m(v). Give g(k).
4
Let t(m) = m + 13. Suppose -7*x + 8*x = 11. Suppose r = -5, 0 = 4*k + 5*r - x + 36. What is t(k)?
13
Let g(b) be the third derivative of -b**6/120 + b**5/20 - b**4/12 - 63*b**2. Give g(3).
-6
Let r(z) = z**3 - 5*z**2 - z + 1. Let b(x) = -x**2 + 30*x - 51. Let c be b(28). Determine r(c).
-4
Suppose 8*w - 45 - 83 = 0. Suppose -3*r - 7*n + 13 = -3*n, 4*n = -4*r + w. Let d(m) = -m - 3. What is d(r)?
-6
Suppose -5*c = v, 0*c = 5*v - 4*c. Let u(s) be the second derivative of v + s + s**2 + 1/6*s**3. Give u(-6).
-4
Let l(a) = a**2 + 3*a - 7. Suppose 41 = 5*o - 2*t + 129, 5*t + 12 = -2*o. Let q(k) = k + 11. Let p be q(o). Calculate l(p).
3
Let v = 9 - 2. Let c(s) = -s**2 - 1. Let a(m) = 5*m**2 - 7*m + 1. Let b(t) = -a(t) - 4*c(t). What is b(v)?
3
Let c(o) be the second derivative of -o**5/20 + 11*o**4/12 - 4*o**3/3 - 4*o**2 + 24*o + 2. What is c(10)?
12
Let s(y) = 8*y - 23. Let d(q) = 2*q - 6. Let l(x) = -9*d(x) + 2*s(x). Calculate l(0).
8
Let r(w) = -w - 4. Let v be r(-6). Let s be -5 + v/4*0. Let f(d) = d**3 - 3*d**2 + 12*d - 50. Let h(z) = -z**2 + z - 5. Let q(n) = f(n) - 9*h(n). What is q(s)?
5
Let z(g) = -21*g - 2. Let t be z(1). Let n(q) = q + 27. Let u be n(t). Let r(i) = -6*i - 2*i**2 + 4 + i**3 - 3*i**2 + 3*i**2. What is r(u)?
12
Let v(x) = x**3 - 8*x**2 - 7*x - 6. Suppose -t = n + 4*n - 41, 6 = 2*n + 3*t. Determine v(n).
12
Let y(i) = -i**2 + 2*i - 1. Suppose -3*l - 2*t + 19 = 0, -l - t - 23 = -6*l. Let z = -18 + 27. Let m = z - l. Calculate y(m).
-9
Let z be 6/(-5) + 6848/(-535). Let q(d) = 2*d**2 + 30*d + 19. Determine q(z).
-9
Let p(k) = -k**2 - 28*k - 52. Let s be p(-26). Suppose -4*n + 0*m + 15 = -m, 3*n + 5*m - 40 = s. Let d(b) = -2 - 2 + 3 - b. Give d(n).
-6
Let z(p) = -8 + 9 - 5*p + 6*p. Calculate z(-12).
-11
Suppose 3*u = u. Suppose 25 = b - u*b. Let g = 19 - b. Let f(c) = c**3 + 7*c**2 + 4*c - 1. Calculate f(g).
11
Suppose 7 = 5*y + 2. Let h(p) = p**2 - p - 3*p + 0 - y - 1. Suppose 0 = -4*a - 5*c + 20, 0 = 3*a - 2*c - 15. Calculate h(a).
3
Let q(j) = 22*j**2 - j - 2. Let r be q(-1). Suppose 29 + r = 10*v. Let y(f) = f**3 - 5*f**2 + f - 5. Determine y(v).
0
Suppose -4*l + 15*l - 44 = 0. Let t(j) be the third derivative of j**4/24 - j**3 - j**2. Give t(l).
-2
Suppose 2*b + 3*b = 5*v + 30, -5*v = 4*b + 30. Let n(u) = u**3 + 5*u**2 - 6*u + 2. Let c be n(v). Let h(p) = 9*p - 6*p - 33 - 2*p**2 + 30. Calculate h(c).
-5
Let q(h) = 2*h - 2. Suppose -2*x - 5*b = 29, x - b = -3*b - 13. Calculate q(x).
-16
Let o(h) = h**3 - 7*h**2 + 6*h + 5. Let p be o(6). Suppose 0 = 18*y - 24*y + 114. Suppose -p*n - y = 26. Let f(d) = -d**2 - 11*d - 13. What is f(n)?
5
Suppose 3*c - 2*c - 17 = 0. Let s(a) = a**2 + 2 - 6*a - 10*a - 7*a + c*a. What is s(5)?
-3
Suppose 2*i + 20 = -0*i - 4*f, -5*i = 4*f + 20. Suppose i = -6*h + 7*h - 3. Let n(r) = -r**3 - 1 - h*r + 3*r**2 - 2*r + 7*r. Give n(3).
5
Let b(o) = 3*o**2 - 45 - 2*o**2 + 10*o + 6*o + 37. Give b(-17).
9
Let g(k) be the first derivative of 8 + 1/4*k**4 + 1/2*k**2 - 5*k - 1/3*k**3. Determine g(0).
-5
Let q(v) = v**2 - 17*v + 7. Let j be q(17). Suppose 4 = -d - 5*z, -2*d + 0 = -5*z - j. Let l(r) = 7*r**3 - r**2 + 2*r - 1. Calculate l(d).
7
Let c(m) be the first derivative of -m**4/4 - 2*m**3 + 7*m**2/2 + m + 89. Determine c(-7).
1
Let m be 9/(-12) - 336/64. Let n(k) = 4*k - 8. Give n(m).
-32
Let t(m) be the second derivative of -m**5/20 - m**4/2 - m**3/6 + 11*m**2/2 - 36*m - 1. What is t(-5)?
-9
Let f(p) = -12*p**3 - 4*p**2 + 5. Let h(y) = -24*y**3 - 9*y**2 + 12. Let u(d) = 5*f(d) - 2*h(d). Suppose -2*c + 5 = -3*v, 2*v + 2*v = 5*c - 9. What is u(c)?
-13
Let b be 0 + 7 + (-3)/1. Suppose b*f = 10 + 6. Let o(t) = -t - 1. Let d(p) = -2*p - 3. Let u(a) = -d(a) + 3*o(a). Calculate u(f).
-4
Let c(f) = -f + 13. Let w(y) = 4*y - 42. Let h(r) = 7*c(r) + 2*w(r). Calculate h(7).
14
Let o(p) = -2*p**3 - 4*p**2 - 3*p - 1. Let c be o(-2). Let f(x) = -x**2 - c*x - 1 - 4*x**2 + 3*x**2 + 3*x**2. Let h be f(6). Let z(b) = b - 5. Give z(h).
0
Let a = -52 + 59. Let t(o) = -10*o + 10. Let y(s) = 3